 + 18 = 0. Suppose -f*q = -6*q. Suppose q = d - 2*d + 77. Is d a composite number?
True
Let u be -6 - (-4)/((-12)/(-9)). Let m be (u/(-1) + -52)/1. Let z = m - -116. Is z a prime number?
True
Suppose t + 586 = 3*t + 3*f, 0 = -4*t - 5*f + 1172. Is t a composite number?
False
Let b be 1 - 5/((-15)/42). Is 47*2 + b/(-5) a composite number?
True
Is ((-1)/3)/(13/(-4953)) a prime number?
True
Suppose -5*q + 19 = -4*c, -q + 5 = -0*c - 2*c. Let u(y) = y**2 + 2*y + 4. Let x be u(3). Suppose q = 2*b - x. Is b a composite number?
False
Suppose 0 = -h - 4*h - 25. Let y(l) = -l**3 - 3*l**2 + 7*l + 4. Is y(h) a prime number?
True
Suppose 4*b + 4*i - 19 = 1, -5*i + 25 = -b. Suppose b*f = -5*f + 455. Is f a prime number?
False
Is 16280/56 - (-3)/(-21)*-2 composite?
True
Suppose 6*i - 424 = 2*i. Is i prime?
False
Suppose t = -2*l + 3 + 5, -4*t + 5*l = -58. Suppose -17*i = -t*i - 1025. Is i composite?
True
Let r(y) be the third derivative of 97*y**4/8 - y**3/3 + 4*y**2. Is r(1) composite?
True
Let o(h) = -h**3 - 6*h**2 + 2. Let q be o(-6). Suppose z - x = 9, 4*x = 5*z + 3*x - 33. Suppose -z = q*y - 14. Is y a prime number?
False
Let x = -22 + 24. Suppose 2*d + 121 = t, -t - 4*d + 413 = x*t. Is t prime?
True
Let v = -3061 - -6260. Is v a prime number?
False
Let x = -3 - -5. Suppose -36 = -x*c + 2*d, -1 = 2*c - 4*c - 5*d. Is c a composite number?
False
Suppose -4*v - 47 = 85. Is 111*(-2 - v/9) a prime number?
False
Is 697 - (36/(-4))/(-3) composite?
True
Let a = 23 - 21. Suppose 0 = -3*m - 5*t + 4*t + 196, a*m = -3*t + 119. Is m a composite number?
False
Let d = -12 + 7. Let v = d + 9. Suppose -3*w = -v*w + 97. Is w prime?
True
Let l(y) = -15*y - 1. Is l(-5) a composite number?
True
Let p = 4 + -7. Is p/(-6) - 578/(-4) prime?
False
Let q(u) = 22*u**2 + 4*u - 19. Is q(6) composite?
False
Suppose -3*h - 5*d = -226, -3*h + 307 = h + d. Is h a composite number?
True
Let r(l) = -1. Let v(h) = 63*h - 11. Let q(g) = 6*r(g) - v(g). Is q(-4) a prime number?
True
Let w(s) = 27*s**3 + 2*s**2 + s - 5. Let t(z) = -z**2 - z + 1. Let a(u) = 2*t(u) + w(u). Is a(2) a composite number?
False
Let g = -1539 - -2620. Is g composite?
True
Suppose 105 = 4*t - 5*g - 1177, 4*g - 1623 = -5*t. Is t prime?
False
Suppose 0 = 2*z + 204 - 1642. Is z prime?
True
Let d = 15 + -8. Suppose -2*r + d*r = 465. Is r prime?
False
Suppose j = 67 + 120. Suppose -l - j = -0*l. Let q = -44 - l. Is q prime?
False
Suppose -f = f + 12. Is -3*104/f + 3 prime?
False
Suppose -3*r + 3*j = -57, -3*r + 12 = j - 33. Suppose 0 = -4*q - 4*i + r, -3*q - q + 56 = -4*i. Let o(v) = v**3 - 9*v**2 + 10*v + 7. Is o(q) prime?
True
Let j(n) = -n. Let s(l) = 99*l + 1. Let q(r) = 2*j(r) + s(r). Let b be q(1). Suppose b = -0*h + 2*h. Is h composite?
True
Let y(l) = -3*l**3 - 16*l**2 - 5*l - 3. Let k(x) = -x**3 - 5*x**2 - 2*x - 1. Let j = -11 - -19. Let r(b) = j*k(b) - 3*y(b). Is r(-6) composite?
False
Suppose 3*n = 7*n - 2588. Is n a prime number?
True
Let u be (-3)/(-6)*(1 + 7). Suppose 0 = u*p - 5*j + 4, -3*p - j = -8 - 8. Is (1 + (-33)/(-12))*p a prime number?
False
Let b = 3166 + -1523. Is b a composite number?
True
Suppose 3*f + 781 = -4*z, -4*f = f - 5*z + 1360. Is 3 + 3 + f/(-3) composite?
True
Suppose -5*t = -4*k - 1235, -2*t + 44 = 3*k - 473. Is t a prime number?
True
Let x = -164 + 283. Is x a composite number?
True
Suppose -2*x - 2 - 2 = 0. Is (-108)/x + (4 - 3) composite?
True
Let z(n) = 0*n - 3*n - 2*n**2 + n + 1 + 11*n**3. Let k be z(-2). Let i = -52 - k. Is i composite?
True
Suppose 4*f - 9 = 2*f + v, -4*v + 14 = 2*f. Suppose b - f*i + 11 = -0, -b - i = -1. Is ((-785)/(-10))/(b/(-2)) a composite number?
False
Suppose -2*z - 2*u = -7*z + 1270, 0 = -5*u + 25. Suppose l - a - z = -3*l, l = -a + 69. Is l composite?
True
Suppose 0 = -2*h + 2*j + 476, -12 = -3*j - 0. Suppose 0 = -3*t, 4*w - 2*w = 2*t + h. Is w composite?
True
Suppose c - 3 = -y, 4*y - 3*c + c = 24. Let w = y + -3. Is (0 + w)*(-651)/(-6) a composite number?
True
Let m(k) be the second derivative of -k**4/4 - 2*k**3/3 - k. Let p be m(-3). Let x = p - -29. Is x a composite number?
True
Suppose 1148 = 3*b - 2*c, 0*c + 2*c - 10 = 0. Suppose 2*n + 4 = b. Is n prime?
True
Is (-3986)/(-8) + (-18)/(-24) a prime number?
True
Let j(z) = -33*z - 7. Is j(-2) a composite number?
False
Let d(k) = -11. Let a(x) = x**2 - 5*x + 3. Let m be a(4). Let p(n) = -n. Let s(w) = m*d(w) - 2*p(w). Is s(10) a composite number?
False
Let s be (1/(-3))/(2/(-12)). Let z be ((-21)/(-14))/(s/4). Let l(m) = 12*m**2 + m + 4. Is l(z) composite?
True
Let b(w) = -w**3 + 8*w**2 - 5*w + 3. Suppose -2*s - 3*h + 3 = 4, -9 = 3*h. Suppose s*x - 10 = 2*x. Is b(x) prime?
True
Suppose 2 = -v + 39. Is v composite?
False
Let f be (-37)/(-5) - (-4)/(-10). Suppose 5*z - 18 = f. Suppose z*x - 3*x - 86 = 0. Is x a prime number?
True
Suppose -u - 1808 = -4*j, -3*j + u + 0*u = -1355. Let q = -322 + j. Is q a composite number?
False
Suppose -u + 133 = -0*u. Let a = u - 3. Suppose -2*q - 36 = -a. Is q prime?
True
Suppose -5*w + 18 = s - 3*s, 3*w = -s + 2. Let t(r) = 13*r**3 + 2*r**2 - 4*r + 2. Is t(w) a composite number?
True
Let h = 622 + -293. Let p = h - 196. Is p a composite number?
True
Let x(d) = 3*d - 4. Let p(m) = 6*m - 7. Let s(q) = 3*p(q) - 5*x(q). Let t be s(1). Let w(z) = 2*z**3 + 3*z**2 - 3*z. Is w(t) a prime number?
False
Is 2234*-1*(2 + (-10)/4) a composite number?
False
Let t = 8 - 8. Suppose -199 = -3*z + 2*r, 0 = 4*z - t*z - 5*r - 263. Is z prime?
True
Let x be 21 + -3 + 2 + -2. Suppose -3*b + 3 - x = -5*m, 0 = -2*m + 3*b - 3. Is m prime?
False
Let g(v) = v**3 - 2*v**3 + 0*v**3 - 5 + 9*v**2 + 9*v. Let z be g(9). Suppose 3*o - j - 2*j = 57, 4*o + 3*j = z. Is o a composite number?
False
Is 3 + 128*15/6 composite?
True
Let h(q) be the first derivative of -q**4/4 - 4*q**3/3 + q**2/2 + q + 4. Is h(-5) composite?
True
Let f = 63 - 26. Suppose 0*a = a - f. Is a composite?
False
Suppose -104 = 21*h - 25*h. Is h composite?
True
Is 10/(-4) - 4515/(-10) a prime number?
True
Suppose 0 = q - 4*l - 1679, 3*q - 2*l = -q + 6744. Is q prime?
False
Let o = 1055 - -3116. Is o composite?
True
Let x(i) = i**2 + 2*i. Let g be x(-3). Suppose -4*h = -4*a - 672, 5*h - g*a - 307 = 523. Is h a prime number?
True
Suppose 4*a + 10 = 2*i, 2*i + 2*a = -2*i. Is 2 + (163/i - 2) a composite number?
False
Let f be (0 - -190) + 3 + -5. Let d = f - 82. Suppose -2*r + 4*r - d = 0. Is r a composite number?
False
Let k(h) be the first derivative of 2*h**2 - 7*h - 2. Let l be k(5). Suppose 4*c - 3*s - 206 = 0, 5*s + 3 - l = 0. Is c a prime number?
True
Let t(q) = q**3 + q**2 + 3*q + 3. Let h be (-44)/(-10) - (-2)/(-5). Is t(h) a prime number?
False
Let s = 70 + -23. Is s composite?
False
Let i(f) = -f**3 + 6*f**2 + 8*f - 1. Let b be i(7). Let r(t) = t**2 - t - 5. Is r(b) a composite number?
True
Suppose -3*v - 8 = -4*a + 12, -5*v = 2*a + 16. Suppose 4*u = 5*g + a*u - 159, -g + 4*u + 39 = 0. Suppose -g = -i + 6. Is i prime?
True
Let k(f) = -3*f**3 - 4*f**3 + 13*f**2 + 6*f**3 + 3 + 10*f + 0*f**3. Is k(13) a prime number?
False
Suppose k + 254 = 2*k. Is k prime?
False
Is ((-179)/2 + 1)*(-988)/114 a prime number?
False
Suppose -2*f + 9835 = 3*f. Is f a prime number?
False
Let k(r) = -12*r - 1. Let d be k(3). Suppose -y + 5 = -3*n + 22, -25 = 2*y + 3*n. Let i = y - d. Is i a composite number?
False
Suppose -3*t = -d - 418 - 362, -5*t + 1300 = -2*d. Suppose -5*u = -t - 5. Is u a composite number?
False
Let p be (1/3)/(9/1107). Let j = p - 4. Is j a composite number?
False
Suppose -u = -4*s + 42, s = -u + 4*u + 82. Let z = 59 + u. Is z composite?
True
Let o = -10 - -20. Is (-165)/o*68/(-6) a composite number?
True
Is 205*(-4 + 2 + 3) prime?
False
Suppose 2*x - t = x - 236, 3*x + 3*t = -678. Let v = -154 - x. Is v composite?
True
Suppose 2*p - k = 545, -286 = -p + 2*k + 3*k. Is p composite?
False
Is (-1 - -2)/(1/586) composite?
True
Let m(l) be the second derivative of l**4/12 + l**2/2 + 2*l. Let x be m(1). Suppose o = -x*o + 102. Is o a composite number?
True
Let t(s) = -2*s**3 - 2*s**2 - 4*s - 2. Let r(x) = -5*x**2 - 3*x - x**3 - 1 - x**2 + 3*x**2 + 2*x**2. Let b(y) = -3*r(y) + 2*t(y). Is b(-3) a prime number?
False
Let q = 195 - -400. Suppose 4*s + s - q = 0. Is s a composite number?
True
Let o(a) = 2*a**2 - 2*a + 2. Let k be o(4). S